9
What is 16 - (-367 + 334 - (-49 + 0))?
0
-7 + -8 - (15 + 6 + -16 + -11)
-9
Calculate -6 - (10 + 9) - (-71 - 36).
82
Evaluate (-199 - -199) + (4 - 2) + (-3 - -118) - -15.
132
Evaluate (-6500 - -6493) + (72 - (0 - 0)).
65
Evaluate 87 - 87 - (-8 + 9 + 10) - -1.
-10
0 - 7 - (52 - 47 - (-4 - -20))
4
Calculate -33 + (-1 - (-11 + 3 + 2 + 5 + -8)).
-25
-9 - ((7 - 2) + -85 + (-338 - -341))
68
What is -21 + (9 - -8) + -13 + -13?
-30
What is (11 - 1) + (7 - (-1 + 16 + 0))?
2
Calculate 3414 + -3420 + (-2 - -38) + (2 - 0).
32
-28 + (18 + -20 - -9) - (-11 + 2)
-12
What is 21 - (103 - (26 + -16 + -25 - -7))?
-90
Evaluate ((-15 - -13) + -7 - (0 + 4 + -5)) + -50.
-58
Calculate 1 + -21 + (-183 - -216) - 38.
-25
What is 0 + 4 + -5 + (5 - 16) + -32 + 27?
-17
What is -55 + (25 + -73 - -124)?
21
41 - (23 - (-51 + 33))
0
Calculate 8 + 77 + -153 + 53.
-15
Evaluate -979 - -970 - (24 + 0).
-33
What is (90 - (-87 - -173)) + -1 + (-1 - 7) + 3?
-2
Evaluate 19 + 26 + -11 + (27 - -28).
89
Calculate (28 - 14) + 10 - (-9 - -1).
32
What is the value of -118 + 2 - (1706 - 1816)?
-6
-104 - (43 - 139 - -75)
-83
Evaluate (-118 - -67) + 51 + (-5 - -1 - 2) - -42.
36
What is the value of -5 + 1 + (3047 - 3007)?
36
Evaluate 38 + 2 + (19 - (-69 + 67)).
61
Evaluate 18 + (5 - 1) + -2 + 12.
32
Evaluate (582 - 542) + (-35 - (1 + -2)).
6
What is the value of -17 + -6 + 5 + 20 + -2 + -6 - 5?
-11
What is -38 - (-41 + 1 + -29 + 69)?
-38
Calculate -38 - (-91 + 75 + -16).
-6
What is the value of 43 - (-7 + 75) - (-19 + 5)?
-11
Calculate ((12 - -15) + 31 - 39) + 105.
124
What is the value of 0 - 10 - 0 - (41 - (54 - (-42 - -69)))?
-24
3 - (-2 + 28 - (-3 + 2))
-24
Evaluate 45 + -79 + 44 + 71.
81
Calculate 129 + (29 - (9 + -5 - -62)).
92
Evaluate 5 + -12 + 53 + -12.
34
(-2 - 139 - (-58 - -34)) + (-2 - 17 - -4)
-132
What is (-7 + 4 + 0 - 17) + 5 + 95?
80
What is -43 + 36 + 47 - (-8 + 0 + 15)?
33
What is the value of (0 - -27) + 2 - (-1 - -18)?
12
Calculate 85 - ((-19 - -4) + 1 + (-5 - -21) + -10).
93
Calculate -32 + -9 + 29 - 1 - 76.
-89
(-10 - -39) + 0 + -2 + -20 + 28
35
-8 - (-35 + 0) - (71 - (79 - 27))
8
Calculate -18 + (-294 - -278 - (2 - 13)).
-23
Calculate 1 + -6 + -5 - (-384 + 362).
12
-11 + -4 + 2 + 339 + -313
13
What is 2 + (18 - (-4 - -14 - -13))?
-3
Calculate -47 + 5 - (2 + 7 - 21).
-30
What is the value of (-26 - -17 - (-6 - -4)) + 24 + -48?
-31
Evaluate 159 + (0 - -24) + (-664 - -626).
145
Evaluate (60 - 63 - (-1 - (72 - 4))) + -12.
54
-4 + 35 + (-55 - -12) + 62
50
Calculate 104 + 122 + -126 - -18.
118
What is the value of (-60 - -14 - -14) + 34 + -39?
-37
17 - (-14 + 8 + 2 - -5) - 8
8
What is the value of (6 - 155) + (13 - ((8 - 17) + 20))?
-147
What is -68 - ((5 - 10) + -29)?
-34
16 + -1 + 0 + 239 + -46 + -184
24
Calculate -1 + 29 + 11 + (-15 - (26 + -24)).
22
What is the value of 2 + 99 - (6536 - 6431)?
-4
What is (-1 - -27 - 61) + -13 + -1 + 2?
-47
35 - (585 + -552 - (-58 - -1))
-55
Evaluate -3 + 1 + 6 + 5 + (-56 - (-9 + 16)).
-54
Evaluate -9 + 58 + (3 - 1) + (-3 - 88 - -86).
46
Calculate (-40 - -2) + (-6 - (6 + -19) - (-89 + 89)).
-31
Evaluate 15 + (-4 - (70 + -15)).
-44
What is the value of (78 + -88 + 78 - (1 - 21)) + (-1 - 0)?
87
Evaluate -33 - (10 - (56 + 25)).
38
What is the value of (0 - 5) + -6 + 3 + (20 - 22) + 24?
14
Calculate 77 - (-75 - -175 - 70).
47
What is the value of (1 - -1) + -16 + (11 - -8) + -89 + 17?
-67
4 + (15 - 6) + -84 + 25 + -16
-62
What is the value of 0 + (-28 - -13 - (-18 + (-25 - -22)))?
6
What is the value of (-93 + 107 - (-1 - -10)) + -24 + -8?
-27
What is the value of 24 + -17 + (18 - 36) + -35?
-46
18 - (-106 + (138 - 128))
114
Evaluate -3 + -11 - 6 - (249 + -236).
-33
What is 100 - (88 + (32 - 60))?
40
-5 + (-4 - -48) + -2 + (-21 - -11)
27
Calculate 36 + -54 + 51 + -23.
10
Evaluate -137 - -21 - -120 - (51 + 0).
-47
(723 - 837) + (8 - -65)
-41
Evaluate 107 - (3 + 89) - (43 + -4 + 3).
-27
What is the value of 10 + (2 - (1 - 15 - -33)) - -15?
8
Calculate (16 - (-2 - -5) - 3) + 40 + -5 + 0.
45
What is -1090 + 1204 - (-3 - -192)?
-75
Evaluate 8 - (-19 + 15 + (-3 - (5 - 7)) + 11).
2
What is 57 + (-18 - 67) + 61?
33
What is the value of (441 - 408 - (17 - 2)) + -118?
-100
-20 + (7 + (-22 - -9) - -20)
-6
Calculate 24 - 78 - -53 - (2 + -103 + 5 + -4).
99
What is the value of -19 - (-10 + (-5 - -16) + -8)?
-12
What is 21 + -7 + 7 + -6 + -5 + -49?
-39
Calculate 12 + 3 - (-5 - (6 + 6 - 9 - -50)).
73
What is the value of 128 + -112 + 16 + -21?
11
Calculate -8 - (-133 + 14 + -12 + (2 - (-3 + -2))).
116
Calculate -93 - (-243 + 156 - -43).
-49
Calculate 62 + (76 - -15) + -83.
70
-25 + -4 + -12 + 31 - 16
-26
11 + 26 + -27 + 14 + -4
20
What is the value of 32 + -19 - (2 - ((-7 - 33) + 0))?
-29
Evaluate -16 + -9 + -8 + 16 + -10 + 72.
45
Calculate 6 + (4 - (5 + -9)) - (-9 + -8 + 29).
2
Calculate -109 - (-39 + -1) - -40.
-29
What is the value of -3 + -3 - (17 - 34 - -9 - 1)?
3
What is 4 + (-14 - -5) - (-3 + 47) - (5 + 1)?
-55
What is the value of 1460 + -1430 - (33 - 1)?
-2
(30 - (52 + -83) - 87) + (1 - -6)
-19
What is the value of -2 - (-13 - -17 - 10 - (-42 - -2))?
-36
What is -1 + 22 - (53 + 52 - 60)?
-24
What is 19 + (0 + (-3 - (-7 - 3)) - -5)?
31
What is 6 + (26 - (4 - (-7 + -28)))?
-7
42 + 19 - ((-14 - (2 - 7)) + 2)
68
What is -21 - (110 - 42) - (7 - 0)?
-96
Calculate (-274 - -162) + 2 + 1 + -6 + -8.
-123
Calculate (77 - -2 - (-10 + 21 + -1 + -12)) + 10.
91
(35 + -35 - 20) + 18
-2
Evaluate 8 + (-5 - -5) - 6 - (-5 + (5 - 4)).
6
What is the value of 1 - -2 - 7 - ((-51 - -95) + -36)?
-12
What is the value of 1 + 36 + (-1 - (-8 + -4 + 0 - -22))?
26
Evaluate 67 + -125 + 38 + (-4 - 13).
-37
Calculate 2 + 1 - (-133 + 121) - -12.
27
What is -61 + 6 + 6 + -12 + 9 + 8 + -3?
-47
What is 67 + (-57 - -12 - -3)?
25
-73 + 208 - 65 - 14
56
3 - (57 + -12 - 16) - -23
-3
Evaluate (-152 - -50) + (-6 - -32) + (3 - 13).
-86
(2 + -12 - (-13 - -21)) + 19
1
What is the value of 83 + -362 + 95 - -113?
-71
Calculate (131 - 151) + -145 - -101.
-64
1 + 39 - (-17 + 10 - 1)
48
What is (-11 - -3) + -69 + 2 + -1 + (-656 - -642)?
-90
What is -9 + (31 - -2) + -10 + (-70 - (10 - -1))?
-67
What is the value of -43 + 34 + -47 - -97?
41
What is the value of (-4 - 33 - (-25 + 2)) + 49?
35
What is the value of -28 - (33 - (-34 + 69))?
-26
Calculate 42 - 86 - -50 - -4.
10
What is the value of 10 + 4 + (-15 + 72 - 20)?
51
Evaluate -104 + 46 - (-8 - 10 - 3).
-37
What is the value of 4 - 1 - (35 + 14 + -47)?
1
Evaluate -10 - 8 - (10 + 1 + -33 + 29).
-25
93 - -3 - (-85 + 202 - 138)
117
What is 8 - 15 - (0 - (4 - -16) - 45)?
58
What is the value of -59 + 30 - 5 - -52?
18
What is the value of 34 - (20 + (6 - 25))?
33
What is the value of (4 - (-72 - 2)) + (-12 - -44 - 42) - -14?
82
Evaluate -12 - (22 + -55) - (4 - (2 - (-5 - -11))).
13
What is 6 + -17 + -5 + 32 + 5 + -19 + 11?
13
Calculate -7 + (-1 - -6) - (37 + -1) - (45 - 43).
-40
(-52 - (7 + -119)) + -40
20
What is the value of (-12 - (36 + 14 + -20)) + 52?
10
What is -118 - (-133 - 52) - 109?
-42
What is (-2 - (3 - 4 - -25)) + 30 + (-26 - -3)?
-19
Evaluate -144 - (107 + -16 + -271).
36
-7 - ((59 - (-4 + -5)) + (14 - (18 + 6)))
-65
What is (26 - (28 + -77)) + -35?
40
What is the value of -2271 - -2306 - (4 - 1 - 1)?
33
(102 - 7) + -96 + 89
88
What is -87 - (14 + 2 - (200 + -182))?
-85
Calculate -7 + 2 - (37 - (-18 - (-80 - -22))).
-2
What is the value of -40 + (11 - 18) + -5 + 7?
-45
(-13 - -49) + -19 - ((11 - 0) + 1)
5
21 - (22 - -3 - 13)
9
Evaluate 26 - -7 - (117 - 39).
-45
Calculate 2 - 0 - (-58 + -4) - (7284 + -7272).
52
135 + -132 + (83 - 137)
-51
Calculate (47 - (141 + -16)) + (1 - (-2 - 12)).
-63
What is the value of -25 - 0 - (21 + -47) - (-34 + 6)?
29
-73 + 123 + -54 + (2 - 1)
-3
Calculate (-15 - -2 - (-15 + -3 - 9)) + -15 - 99.
-100
Evaluate -35 + 37 + 19 + -17.
4
What is the value of -5 + 10 + (2 - -8) + 0?
15
Calculate -157 + (48 - -11) - -87.
-11
Calculate -33 + (-5 - (-24 + 25)) + 4.
-35
Evaluate 1 - (43 + 3 + -26 + -14).
-5
What is the value of 10 + -16 + 4 + -31 + 15?
-18
What is the value of -34 - ((4 - 8) + (15 - 6 - 3))?
-36
What is the value of -2 + (-82 - -164) - 30?
50
(-30 - (-16 + 50 + -25)) + 28 + (0 - 35)
-46
What is the value of -23 - -47 - (48 + -43)?
19
-18 + (-16 - -94) + -60
0
-4120 - -3978 - (0 - 50)
-92
(-23 - 3) + (